3*i = 6, i + 13 = 2*r + 2*r. What is the remainder when r/((9/12)/1) is divided by u?
1
Let j = 2 - -1. Suppose -4*n = 20, 0*n + 32 = w - 2*n. Suppose j*h = 4*p + w, -p - 2 = -h + 6. What is the remainder when 19 is divided by h?
9
Let t = -7 + 39. Let w(z) = 3*z**2 + 103*z - 59. What is the remainder when t is divided by w(-35)?
10
Let m = 49 + -47. Calculate the remainder when 7 is divided by m.
1
Suppose -4*a + 0*a = -12. Let k(r) = -10*r - 1. Let m be k(-6). Suppose -5*t - 19 = -m. What is the remainder when t is divided by a?
2
Let l = -10 - -14. Suppose 2*v - 2 = l*v. Calculate the remainder when v/3 + 103/3 is divided by 12.
10
Let a = 0 + 5. Suppose a*m - 12 - 18 = 0. Suppose b + 45 = m*b. What is the remainder when b is divided by 3?
0
Let r(f) = 5*f**2 + f + 1. Suppose -5*t = 5*p, 4*t + 3 + 2 = p. Suppose -4*h + 5*x = -32, h = 5*x + 4 + 19. What is the remainder when r(t) is divided by h?
2
Let i(p) = p**2 - p + 6. Suppose -4*v = -5*v - 3. Calculate the remainder when i(v) is divided by 10.
8
Let r = -50 + 69. Let j = 195 - -80. Suppose 10*b - j = 5*b + 3*t, -5*b - 4*t + 275 = 0. Calculate the remainder when b is divided by r.
17
Suppose -3*i + 7 = u + i, 0 = 2*u + 4*i - 26. Let k = 4 + u. Calculate the remainder when k is divided by 13.
10
Let g(a) = -2*a - 11. What is the remainder when 40 is divided by g(-11)?
7
Suppose -h + 4*h + 2*q = 5, 3*q + 15 = 0. What is the remainder when 52 is divided by h?
2
Let i(c) = -c**3 - 8*c**2 + 4*c - 6. Let o be -3*((0 - -6) + -3). What is the remainder when i(o) is divided by 21?
18
Let r be -2*((-13)/1 + -1). Let d = r - 19. Calculate the remainder when 24 is divided by d.
6
Suppose 10 = 2*o - 4*f, -61 = -5*o - 2*f - 0*f. Let r = -53 + 84. What is the remainder when r is divided by o?
9
Let g(a) = 7*a**2 + 5*a - 5. What is the remainder when 10 is divided by g(1)?
3
Suppose -5*b + 17 = -18. Suppose -b = 3*u - 37. What is the remainder when 18 is divided by u?
8
Let r(q) = -4*q + 2. What is the remainder when 118 is divided by r(-7)?
28
Suppose -3*k - 2*q = -5*k + 94, -39 = -k - 3*q. Let v = 73 - k. What is the remainder when v is divided by 15?
13
Suppose -5*u + 60 = 5*x, 8*u = 3*u - 3*x + 64. Calculate the remainder when 34 is divided by u.
6
Let z(c) = -3*c**2 - 3*c - 4. Let f be z(-3). Let t be (-6)/(-8) + f/8. Let l(p) = 6*p**2 + 3*p + 3. What is the remainder when l(t) is divided by 11?
10
Let l(m) = -m**3 - 12*m**2 - 9*m + 9. Let i be l(-10). Let a = -68 - i. Calculate the remainder when a is divided by 17.
16
Let g be -1*(1 - 0)*-20. Let v be (-5)/g - 142/8. Let f = v - -36. What is the remainder when 34 is divided by f?
16
Let r(l) = l**3 + 11*l**2 - 4*l - 3. Calculate the remainder when r(-11) is divided by 11.
8
Suppose -w - 5*s = 4*w, 4*w + 10 = s. Suppose -3*f = -7*f + 5*d + 135, f - 60 = -4*d. What is the remainder when f is divided by (-24)/w - (0 - 2)?
12
Suppose 27 = 2*y - 71. Let s(a) = -a + 4. Suppose 0 = -2*h - 4*b - 14, -2*h + 4*b - 13 - 25 = 0. What is the remainder when y is divided by s(h)?
15
Let r(j) = -j**2 + 7*j + 2. Let s be r(7). Let o = 3 + s. What is the remainder when o is divided by (1/2)/(1/4)?
1
Suppose 9*t = 4*t + 5*z + 150, 4*z + 151 = 5*t. Suppose 26*k - 10*k = 272. Calculate the remainder when t is divided by k.
14
Let a(v) = -9*v. Let j be a(-6). Suppose -6*z = -z - 2*o - j, 3*o = 9. What is the remainder when 34 is divided by z?
10
Let x = 271 + -92. Suppose -3*q = 2 - x. Calculate the remainder when q is divided by 15.
14
Suppose -6*h = h - 203. What is the remainder when 80 is divided by h?
22
Let l(t) = t + 10. Let s be l(-7). Let y = s - -7. Let x = -2 + y. Calculate the remainder when 23 is divided by x.
7
Suppose 0 = 2*h + h - 2*g - 1, -3*h - g = -13. Calculate the remainder when ((-21)/(-7))/(h/7) is divided by 2.
1
What is the remainder when ((-5)/(-10)*-1)/((-2)/72) is divided by ((-10)/6)/(2/(-6))?
3
Let a = -8 + 1. Let g = a - -18. Calculate the remainder when g is divided by 4.
3
Let v = 4 - 2. Let w be (3 + -29 - -1)/1. Calculate the remainder when (32/(-10))/(v/w) is divided by 21.
19
Calculate the remainder when 0 + 1 - (-22 + -4) is divided by 14.
13
Let k = 11 + 1. What is the remainder when 45 is divided by k?
9
Suppose 3*g - 8 = g. Suppose 2*p + g = -0*p + 2*t, 5*p = -4*t + 26. Suppose f - 5*y + 14 = -2*f, 2*y - 12 = -2*f. What is the remainder when p is divided by f?
0
Let j = 73 - 51. What is the remainder when 63 is divided by j?
19
Let k = 17 - -38. What is the remainder when k is divided by 14?
13
Let k(c) = -c**2 + 6*c - 2. Suppose -a + 10 = a. Calculate the remainder when 4 is divided by k(a).
1
Let m = 36 - 105. Let v = m + 122. What is the remainder when v is divided by 14?
11
Let f(x) = -x - 2. Let a = -8 - -10. Calculate the remainder when f(-5) is divided by a.
1
Suppose 0 = -l + 5*l, 5*p - 5*l = 255. Suppose 4*u = m - 3, -3*m - 4*u + 2*u = -p. What is the remainder when 59 is divided by m?
14
What is the remainder when 114 is divided by 2 - 1 - (-5 + 4 - 21)?
22
Let g = 39 + -18. Let s be 78/g - 2/(-7). Suppose 108 = 2*q - 5*d, s*q - 71 = -2*d + 97. What is the remainder when q is divided by 15?
14
Let j = 109 + -71. Calculate the remainder when j is divided by 21.
17
Let p(o) = -o**3 - 4*o**2 - 5*o - 5. Suppose 3*z + h = -0*h + 13, -5*z - 4*h = -17. Let m be 2 - z - (-1 - -2). What is the remainder when p(m) is divided by 4?
3
Suppose 3*n = -n + 16, -20 = 4*q + 4*n. Let d = -7 - q. Calculate the remainder when 35 is divided by d - (0 - -1) - -11.
11
Let p(b) = -b**2 - 9*b. Let g be p(-7). Suppose 5*l = -2*u + 3*u + 103, -g = -l - 2*u. What is the remainder when 39 is divided by l?
19
Let u(v) = -v**3 - 4*v**2 - 2. Let j be u(-4). Let o be 4/(j*(-3)/6). Suppose -4*i = -0*k - 4*k - o, 15 = 5*i. What is the remainder when 5 is divided by k?
1
Let z be (1/(-1) - -1)/2. Suppose 0 = -2*r - z*r + 22. Calculate the remainder when r is divided by 4.
3
Let r(p) = p**2 - 2*p + 13. What is the remainder when 49 is divided by r(0)?
10
Suppose -3*v + 2*v + 2 = 0. Suppose -3*p = v*k - 4, 20 = 2*k - 4*p - p. What is the remainder when k is divided by 3?
2
Suppose -2*q - 1 = 2*w - 5, 0 = -3*w. Suppose q*y - 8 = -0*y. Let d(n) = n + 2. What is the remainder when 15 is divided by d(y)?
3
Let v = -26 - -40. Calculate the remainder when 1/(-7) - (-380)/14 is divided by v.
13
Let q = -5 + 9. Suppose -4 = -q*u + 8. Calculate the remainder when 8 is divided by u.
2
Suppose 0 = 3*c - 2*x - 85, 3*x + x + 70 = 2*c. What is the remainder when 39 is divided by c?
14
Suppose -5*o + 12 = -2*o + 3*z, 6 = 3*z. Suppose -5 + 23 = o*s. What is the remainder when 17 is divided by s?
8
Suppose 13 + 12 = 5*q. What is the remainder when 6 is divided by q?
1
Let i be 1 + (2 - 0 - 1). Suppose -5 = g + 4*u, -4*g + i*u + 3 = -13. Suppose w = -g*w + 64. What is the remainder when w is divided by 9?
7
Suppose -3*j - 204 = -5*j + 4*t, -2*j - 4*t + 204 = 0. Calculate the remainder when j is divided by 26.
24
Suppose -12 = -4*s, -4*t - 2*s + 66 = -4*s. Suppose -4*q - 18 = t. What is the remainder when 33 is divided by (-6)/q*(-27)/(-2)?
6
Suppose 2*i + 3*i - 20 = 0. Suppose -3*t = 7 - 1, -i*t + 96 = 4*b. Calculate the remainder when b is divided by (-1)/(-3) + 4/(-24)*-82.
12
Let t(m) = 12*m**2 - 4*m + 3. Let i be 2 + 2/(-6)*0. Let g(b) = 2*b + 3. What is the remainder when t(i) is divided by g(6)?
13
Let a(r) = r - 11. Let c be a(6). Let f = c - -35. Suppose 0 = 3*l - 2*z - 24, 0 = 2*z + 2*z. What is the remainder when f is divided by l?
6
What is the remainder when 48 is divided by (-2)/(3 - 231/75)?
23
Let f = 66 + -55. Calculate the remainder when f is divided by 4.
3
Suppose -4*o - 2*u = -62, 20 = -6*o + 7*o + 2*u. What is the remainder when 41 is divided by o?
13
Suppose 0 = -3*v - 8 + 20, 2*i + v - 26 = 0. Let z = -31 + 50. What is the remainder when z is divided by i?
8
Let p(r) = r + 114. What is the remainder when p(0) is divided by 23?
22
Let w(k) = -k**3 + 5*k**2 - 2*k - 3. Let f be 9/(-2)*(-2)/3. What is the remainder when 35 is divided by w(f)?
8
Let g = 765 - 545. Let n be g/14 - 2/(-7). Suppose -5*m + n = 1. Calculate the remainder when 4 is divided by m.
1
Let p = 0 - 1. Let u be 3*(p - 21/9). Calculate the remainder when 42 is divided by 108/5 - 4